{"id":900,"date":"2022-07-13T19:12:20","date_gmt":"2022-07-13T17:12:20","guid":{"rendered":"http:\/\/kleintierpraxis-kitzscher.de\/?page_id=900"},"modified":"2025-12-14T18:08:46","modified_gmt":"2025-12-14T17:08:46","slug":"impressum","status":"publish","type":"page","link":"https:\/\/kleintierpraxis-kitzscher.de\/index.php\/impressum\/","title":{"rendered":"Impressum"},"content":{"rendered":"<p>[et_pb_section fb_built=&#8220;1&#8243; _builder_version=&#8220;4.17.5&#8243; _module_preset=&#8220;default&#8220; background_color=&#8220;#e5e5e5&#8243; global_colors_info=&#8220;{}&#8220;][et_pb_row _builder_version=&#8220;4.17.5&#8243; _module_preset=&#8220;default&#8220; global_colors_info=&#8220;{}&#8220;][et_pb_column type=&#8220;4_4&#8243; _builder_version=&#8220;4.17.5&#8243; _module_preset=&#8220;default&#8220; global_colors_info=&#8220;{}&#8220;][et_pb_text _builder_version=&#8220;4.18.0&#8243; _module_preset=&#8220;default&#8220; global_colors_info=&#8220;{}&#8220;]<\/p>\n<h1>Impressum<\/h1>\n<h2>Angaben gem\u00e4\u00df \u00a7 5 TMG<\/h2>\n<p>Miriam Hajek<br \/>Tier\u00e4rztin<br \/>Gl\u00fcck-Auf-Weg 2a<br \/>04567 Kitzscher<\/p>\n<h2>Kontakt<\/h2>\n<p>Telefon: 03433\/8696530<br \/>Telefax: 03433\/8696532<br \/>E-Mail: info@kleintierpraxis-kitzscher.de<\/p>\n<h2>Umsatzsteuer-ID<\/h2>\n<p>Umsatzsteuer-Identifikationsnummer gem\u00e4\u00df \u00a7 27 a Umsatzsteuergesetz:<br \/>DE 353370865 Finanzamt Grimma<\/p>\n<h2>Aufsichtsbeh\u00f6rde<\/h2>\n<p>Tier\u00e4rztekammer<br \/>S\u00e4chsische Landestier\u00e4rztekammer<br \/>Sch\u00fctzenh\u00f6he 16<br \/>01099 Dresden<\/p>\n<p><a href=\"https:\/\/www.tieraerztekammer-sachsen.de\" target=\"_blank\" rel=\"noopener noreferrer\">https:\/\/www.tieraerztekammer-sachsen.de<\/a><\/p>\n<h2>Berufsbezeichnung und berufsrechtliche Regelungen<\/h2>\n<p>Berufsbezeichnung:<br \/>Tier\u00e4rztin<\/p>\n<p>Zust\u00e4ndige Kammer:<br \/>S\u00e4chsische Landestier\u00e4rztekammer<br \/>Sch\u00fctzenh\u00f6he 16<br \/>01099 Dresden<\/p>\n<p>Verliehen in:<br \/>Deutschland<\/p>\n<p>Es gelten folgende berufsrechtliche Regelungen:<\/p>\n<p>Berufsordnung der S\u00e4chsischen Landestier\u00e4rztekammer<br \/>einsehbar unter: <a href=\"https:\/\/www.tieraerztekammer-sachsen.de\" target=\"_blank\" rel=\"noopener noreferrer\">https:\/\/www.tieraerztekammer-sachsen.de<\/a><\/p>\n<h2>Angaben zur Berufs\u00adhaftpflicht\u00adversicherung<\/h2>\n<p><strong>Name und Sitz des Versicherers:<\/strong><br \/>Continentale Sachversicherung AG<br \/>Ruhrallee 92<br \/>44139 Dortmund<\/p>\n<p><strong>Geltungsraum der Versicherung:<\/strong><br \/>Deutschland<\/p>\n<h2>Redaktionell verantwortlich<\/h2>\n<p>Miriam Hajek<\/p>\n<h2>Verbraucher\u00adstreit\u00adbeilegung\/Universal\u00adschlichtungs\u00adstelle<\/h2>\n<p>Wir sind nicht bereit oder verpflichtet, an Streitbeilegungsverfahren vor einer Verbraucherschlichtungsstelle teilzunehmen.<\/p>\n<h4>Bildnachweise iStock<\/h4>\n<ul>\n<li>1316316020 &#8211; Urheber: inside-studio, Hund erh\u00e4lt Augentropfen<\/li>\n<li>1044361786 &#8211; Urheber: damedeeso, Hund mit Fieberthermometer<\/li>\n<li>1349807777 &#8211; Urheber: Liudmila Chemetska, Meerschweinchen<\/li>\n<li>1300551418 &#8211; Urheber: Eriklam, Dogge und Katze<\/li>\n<\/ul>\n<p>[\/et_pb_text][\/et_pb_column][\/et_pb_row][\/et_pb_section]<\/p>\n","protected":false},"excerpt":{"rendered":"<p>Impressum Angaben gem\u00e4\u00df \u00a7 5 TMG Miriam HajekTier\u00e4rztinGl\u00fcck-Auf-Weg 2a04567 Kitzscher Kontakt Telefon: 03433\/8696530Telefax: 03433\/8696532E-Mail: info@kleintierpraxis-kitzscher.de Umsatzsteuer-ID Umsatzsteuer-Identifikationsnummer gem\u00e4\u00df \u00a7 27 a Umsatzsteuergesetz:DE 353370865 Finanzamt Grimma Aufsichtsbeh\u00f6rde Tier\u00e4rztekammerS\u00e4chsische Landestier\u00e4rztekammerSch\u00fctzenh\u00f6he 1601099 Dresden https:\/\/www.tieraerztekammer-sachsen.de Berufsbezeichnung und berufsrechtliche Regelungen Berufsbezeichnung:Tier\u00e4rztin Zust\u00e4ndige Kammer:S\u00e4chsische Landestier\u00e4rztekammerSch\u00fctzenh\u00f6he 1601099 Dresden Verliehen in:Deutschland Es gelten folgende berufsrechtliche Regelungen: Berufsordnung der S\u00e4chsischen Landestier\u00e4rztekammereinsehbar unter: https:\/\/www.tieraerztekammer-sachsen.de Angaben [&hellip;]<\/p>\n","protected":false},"author":5,"featured_media":0,"parent":0,"menu_order":0,"comment_status":"closed","ping_status":"closed","template":"","meta":{"_et_pb_use_builder":"on","_et_pb_old_content":"","_et_gb_content_width":"","footnotes":""},"class_list":["post-900","page","type-page","status-publish","hentry"],"yoast_head":"<!-- This site is optimized with the Yoast SEO plugin v27.5 - https:\/\/yoast.com\/product\/yoast-seo-wordpress\/ -->\n<title>Impressum - Kleintierpraxis Kitzscher<\/title>\n<meta name=\"robots\" content=\"index, follow, max-snippet:-1, max-image-preview:large, max-video-preview:-1\" \/>\n<link rel=\"canonical\" href=\"https:\/\/kleintierpraxis-kitzscher.de\/index.php\/impressum\/\" \/>\n<meta property=\"og:locale\" content=\"de_DE\" \/>\n<meta property=\"og:type\" content=\"article\" \/>\n<meta property=\"og:title\" content=\"Impressum - Kleintierpraxis Kitzscher\" \/>\n<meta property=\"og:description\" content=\"Impressum Angaben gem\u00e4\u00df \u00a7 5 TMG Miriam HajekTier\u00e4rztinGl\u00fcck-Auf-Weg 2a04567 Kitzscher Kontakt Telefon: 03433\/8696530Telefax: 03433\/8696532E-Mail: info@kleintierpraxis-kitzscher.de Umsatzsteuer-ID Umsatzsteuer-Identifikationsnummer gem\u00e4\u00df \u00a7 27 a Umsatzsteuergesetz:DE 353370865 Finanzamt Grimma Aufsichtsbeh\u00f6rde Tier\u00e4rztekammerS\u00e4chsische Landestier\u00e4rztekammerSch\u00fctzenh\u00f6he 1601099 Dresden https:\/\/www.tieraerztekammer-sachsen.de Berufsbezeichnung und berufsrechtliche Regelungen Berufsbezeichnung:Tier\u00e4rztin Zust\u00e4ndige Kammer:S\u00e4chsische Landestier\u00e4rztekammerSch\u00fctzenh\u00f6he 1601099 Dresden Verliehen in:Deutschland Es gelten folgende berufsrechtliche Regelungen: Berufsordnung der S\u00e4chsischen Landestier\u00e4rztekammereinsehbar unter: https:\/\/www.tieraerztekammer-sachsen.de Angaben [&hellip;]\" \/>\n<meta property=\"og:url\" content=\"https:\/\/kleintierpraxis-kitzscher.de\/index.php\/impressum\/\" \/>\n<meta property=\"og:site_name\" content=\"Kleintierpraxis Kitzscher\" \/>\n<meta property=\"article:modified_time\" content=\"2025-12-14T17:08:46+00:00\" \/>\n<meta name=\"twitter:card\" content=\"summary_large_image\" \/>\n<meta name=\"twitter:label1\" content=\"Gesch\u00e4tzte Lesezeit\" \/>\n\t<meta name=\"twitter:data1\" content=\"1\u00a0Minute\" \/>\n<script type=\"application\/ld+json\" class=\"yoast-schema-graph\">{\"@context\":\"https:\\\/\\\/schema.org\",\"@graph\":[{\"@type\":\"WebPage\",\"@id\":\"https:\\\/\\\/kleintierpraxis-kitzscher.de\\\/index.php\\\/impressum\\\/\",\"url\":\"https:\\\/\\\/kleintierpraxis-kitzscher.de\\\/index.php\\\/impressum\\\/\",\"name\":\"Impressum - Kleintierpraxis Kitzscher\",\"isPartOf\":{\"@id\":\"https:\\\/\\\/kleintierpraxis-kitzscher.de\\\/#website\"},\"datePublished\":\"2022-07-13T17:12:20+00:00\",\"dateModified\":\"2025-12-14T17:08:46+00:00\",\"breadcrumb\":{\"@id\":\"https:\\\/\\\/kleintierpraxis-kitzscher.de\\\/index.php\\\/impressum\\\/#breadcrumb\"},\"inLanguage\":\"de\",\"potentialAction\":[{\"@type\":\"ReadAction\",\"target\":[\"https:\\\/\\\/kleintierpraxis-kitzscher.de\\\/index.php\\\/impressum\\\/\"]}]},{\"@type\":\"BreadcrumbList\",\"@id\":\"https:\\\/\\\/kleintierpraxis-kitzscher.de\\\/index.php\\\/impressum\\\/#breadcrumb\",\"itemListElement\":[{\"@type\":\"ListItem\",\"position\":1,\"name\":\"Startseite\",\"item\":\"https:\\\/\\\/kleintierpraxis-kitzscher.de\\\/\"},{\"@type\":\"ListItem\",\"position\":2,\"name\":\"Impressum\"}]},{\"@type\":\"WebSite\",\"@id\":\"https:\\\/\\\/kleintierpraxis-kitzscher.de\\\/#website\",\"url\":\"https:\\\/\\\/kleintierpraxis-kitzscher.de\\\/\",\"name\":\"Kleintierpraxis Kitzscher\",\"description\":\"Die Kleintierpraxis - Haustierpraxis in Kitzscher bei Leipzig\",\"potentialAction\":[{\"@type\":\"SearchAction\",\"target\":{\"@type\":\"EntryPoint\",\"urlTemplate\":\"https:\\\/\\\/kleintierpraxis-kitzscher.de\\\/?s={search_term_string}\"},\"query-input\":{\"@type\":\"PropertyValueSpecification\",\"valueRequired\":true,\"valueName\":\"search_term_string\"}}],\"inLanguage\":\"de\"}]}<\/script>\n<!-- \/ Yoast SEO plugin. -->","yoast_head_json":{"title":"Impressum - Kleintierpraxis Kitzscher","robots":{"index":"index","follow":"follow","max-snippet":"max-snippet:-1","max-image-preview":"max-image-preview:large","max-video-preview":"max-video-preview:-1"},"canonical":"https:\/\/kleintierpraxis-kitzscher.de\/index.php\/impressum\/","og_locale":"de_DE","og_type":"article","og_title":"Impressum - Kleintierpraxis Kitzscher","og_description":"Impressum Angaben gem\u00e4\u00df \u00a7 5 TMG Miriam HajekTier\u00e4rztinGl\u00fcck-Auf-Weg 2a04567 Kitzscher Kontakt Telefon: 03433\/8696530Telefax: 03433\/8696532E-Mail: info@kleintierpraxis-kitzscher.de Umsatzsteuer-ID Umsatzsteuer-Identifikationsnummer gem\u00e4\u00df \u00a7 27 a Umsatzsteuergesetz:DE 353370865 Finanzamt Grimma Aufsichtsbeh\u00f6rde Tier\u00e4rztekammerS\u00e4chsische Landestier\u00e4rztekammerSch\u00fctzenh\u00f6he 1601099 Dresden https:\/\/www.tieraerztekammer-sachsen.de Berufsbezeichnung und berufsrechtliche Regelungen Berufsbezeichnung:Tier\u00e4rztin Zust\u00e4ndige Kammer:S\u00e4chsische Landestier\u00e4rztekammerSch\u00fctzenh\u00f6he 1601099 Dresden Verliehen in:Deutschland Es gelten folgende berufsrechtliche Regelungen: Berufsordnung der S\u00e4chsischen Landestier\u00e4rztekammereinsehbar unter: https:\/\/www.tieraerztekammer-sachsen.de Angaben [&hellip;]","og_url":"https:\/\/kleintierpraxis-kitzscher.de\/index.php\/impressum\/","og_site_name":"Kleintierpraxis Kitzscher","article_modified_time":"2025-12-14T17:08:46+00:00","twitter_card":"summary_large_image","twitter_misc":{"Gesch\u00e4tzte Lesezeit":"1\u00a0Minute"},"schema":{"@context":"https:\/\/schema.org","@graph":[{"@type":"WebPage","@id":"https:\/\/kleintierpraxis-kitzscher.de\/index.php\/impressum\/","url":"https:\/\/kleintierpraxis-kitzscher.de\/index.php\/impressum\/","name":"Impressum - Kleintierpraxis Kitzscher","isPartOf":{"@id":"https:\/\/kleintierpraxis-kitzscher.de\/#website"},"datePublished":"2022-07-13T17:12:20+00:00","dateModified":"2025-12-14T17:08:46+00:00","breadcrumb":{"@id":"https:\/\/kleintierpraxis-kitzscher.de\/index.php\/impressum\/#breadcrumb"},"inLanguage":"de","potentialAction":[{"@type":"ReadAction","target":["https:\/\/kleintierpraxis-kitzscher.de\/index.php\/impressum\/"]}]},{"@type":"BreadcrumbList","@id":"https:\/\/kleintierpraxis-kitzscher.de\/index.php\/impressum\/#breadcrumb","itemListElement":[{"@type":"ListItem","position":1,"name":"Startseite","item":"https:\/\/kleintierpraxis-kitzscher.de\/"},{"@type":"ListItem","position":2,"name":"Impressum"}]},{"@type":"WebSite","@id":"https:\/\/kleintierpraxis-kitzscher.de\/#website","url":"https:\/\/kleintierpraxis-kitzscher.de\/","name":"Kleintierpraxis Kitzscher","description":"Die Kleintierpraxis - Haustierpraxis in Kitzscher bei Leipzig","potentialAction":[{"@type":"SearchAction","target":{"@type":"EntryPoint","urlTemplate":"https:\/\/kleintierpraxis-kitzscher.de\/?s={search_term_string}"},"query-input":{"@type":"PropertyValueSpecification","valueRequired":true,"valueName":"search_term_string"}}],"inLanguage":"de"}]}},"_links":{"self":[{"href":"https:\/\/kleintierpraxis-kitzscher.de\/index.php\/wp-json\/wp\/v2\/pages\/900","targetHints":{"allow":["GET"]}}],"collection":[{"href":"https:\/\/kleintierpraxis-kitzscher.de\/index.php\/wp-json\/wp\/v2\/pages"}],"about":[{"href":"https:\/\/kleintierpraxis-kitzscher.de\/index.php\/wp-json\/wp\/v2\/types\/page"}],"author":[{"embeddable":true,"href":"https:\/\/kleintierpraxis-kitzscher.de\/index.php\/wp-json\/wp\/v2\/users\/5"}],"replies":[{"embeddable":true,"href":"https:\/\/kleintierpraxis-kitzscher.de\/index.php\/wp-json\/wp\/v2\/comments?post=900"}],"version-history":[{"count":10,"href":"https:\/\/kleintierpraxis-kitzscher.de\/index.php\/wp-json\/wp\/v2\/pages\/900\/revisions"}],"predecessor-version":[{"id":1657,"href":"https:\/\/kleintierpraxis-kitzscher.de\/index.php\/wp-json\/wp\/v2\/pages\/900\/revisions\/1657"}],"wp:attachment":[{"href":"https:\/\/kleintierpraxis-kitzscher.de\/index.php\/wp-json\/wp\/v2\/media?parent=900"}],"curies":[{"name":"wp","href":"https:\/\/api.w.org\/{rel}","templated":true}]}}